{"id":1134,"date":"2025-10-08T23:56:27","date_gmt":"2025-10-08T21:56:27","guid":{"rendered":"https:\/\/www.superproduccions.com\/coordinadoradentitatspelteatrearnau\/?page_id=1134"},"modified":"2025-10-09T21:43:57","modified_gmt":"2025-10-09T19:43:57","slug":"programes","status":"publish","type":"page","link":"https:\/\/coordinadoradentitatspelteatrearnau.com\/?page_id=1134","title":{"rendered":"PROGRAMES"},"content":{"rendered":"\t\t<div data-elementor-type=\"wp-post\" data-elementor-id=\"1134\" class=\"elementor elementor-1134\" data-elementor-post-type=\"page\">\n\t\t\t\t<div class=\"elementor-element elementor-element-6a21f72 e-flex e-con-boxed e-con e-parent\" data-id=\"6a21f72\" data-element_type=\"container\" data-e-type=\"container\">\n\t\t\t\t\t<div class=\"e-con-inner\">\n\t\t\t\t<div class=\"elementor-element elementor-element-7f0762c elementor-widget elementor-widget-heading\" data-id=\"7f0762c\" data-element_type=\"widget\" data-e-type=\"widget\" data-widget_type=\"heading.default\">\n\t\t\t\t<div class=\"elementor-widget-container\">\n\t\t\t\t\t<h3 class=\"elementor-heading-title elementor-size-default\">Cultura i gesti\u00f3 comunit\u00e0ria<\/h3>\t\t\t\t<\/div>\n\t\t\t\t<\/div>\n\t\t\t\t\t<\/div>\n\t\t\t\t<\/div>\n\t\t<div class=\"elementor-element elementor-element-4f73b11 e-flex e-con-boxed e-con e-parent\" data-id=\"4f73b11\" data-element_type=\"container\" data-e-type=\"container\">\n\t\t\t\t\t<div class=\"e-con-inner\">\n\t\t\t\t<div class=\"elementor-element elementor-element-b81da92 elementor-widget elementor-widget-heading\" data-id=\"b81da92\" data-element_type=\"widget\" data-e-type=\"widget\" data-widget_type=\"heading.default\">\n\t\t\t\t<div class=\"elementor-widget-container\">\n\t\t\t\t\t<h1 class=\"elementor-heading-title elementor-size-default\">PROGRAMES<\/h1>\t\t\t\t<\/div>\n\t\t\t\t<\/div>\n\t\t\t\t\t<\/div>\n\t\t\t\t<\/div>\n\t\t<div class=\"elementor-element elementor-element-0729b78 e-flex e-con-boxed e-con e-parent\" data-id=\"0729b78\" data-element_type=\"container\" data-e-type=\"container\">\n\t\t\t\t\t<div class=\"e-con-inner\">\n\t\t\t\t<div class=\"elementor-element elementor-element-a2dbfeb elementor-widget elementor-widget-heading\" data-id=\"a2dbfeb\" data-element_type=\"widget\" data-e-type=\"widget\" data-widget_type=\"heading.default\">\n\t\t\t\t<div class=\"elementor-widget-container\">\n\t\t\t\t\t<h3 class=\"elementor-heading-title elementor-size-default\">Cultura comunit\u00e0ria - Educaci\u00f3 i territoris<\/h3>\t\t\t\t<\/div>\n\t\t\t\t<\/div>\n\t\t\t\t\t<\/div>\n\t\t\t\t<\/div>\n\t\t<div class=\"elementor-element elementor-element-58f0a51 e-flex e-con-boxed e-con e-parent\" data-id=\"58f0a51\" data-element_type=\"container\" data-e-type=\"container\">\n\t\t\t\t\t<div class=\"e-con-inner\">\n\t\t<div class=\"elementor-element elementor-element-f0c3ab1 e-con-full e-flex e-con e-child\" data-id=\"f0c3ab1\" data-element_type=\"container\" data-e-type=\"container\">\n\t\t\t\t<div class=\"elementor-element elementor-element-1ef3890 elementor-widget elementor-widget-image\" data-id=\"1ef3890\" data-element_type=\"widget\" data-e-type=\"widget\" data-widget_type=\"image.default\">\n\t\t\t\t<div class=\"elementor-widget-container\">\n\t\t\t\t\t\t\t\t\t\t\t\t\t\t\t<img fetchpriority=\"high\" decoding=\"async\" width=\"800\" height=\"406\" src=\"https:\/\/coordinadoradentitatspelteatrearnau.com\/wp-content\/uploads\/2025\/10\/TEATRE_BARCELONA-arnau3-FACC.jpg\" class=\"attachment-large size-large wp-image-1171\" alt=\"\" srcset=\"https:\/\/coordinadoradentitatspelteatrearnau.com\/wp-content\/uploads\/2025\/10\/TEATRE_BARCELONA-arnau3-FACC.jpg 1000w, https:\/\/coordinadoradentitatspelteatrearnau.com\/wp-content\/uploads\/2025\/10\/TEATRE_BARCELONA-arnau3-FACC-300x152.jpg 300w, https:\/\/coordinadoradentitatspelteatrearnau.com\/wp-content\/uploads\/2025\/10\/TEATRE_BARCELONA-arnau3-FACC-768x389.jpg 768w\" sizes=\"(max-width: 800px) 100vw, 800px\" \/>\t\t\t\t\t\t\t\t\t\t\t\t\t\t\t<\/div>\n\t\t\t\t<\/div>\n\t\t\t\t<div class=\"elementor-element elementor-element-53811cc elementor-widget elementor-widget-heading\" data-id=\"53811cc\" data-element_type=\"widget\" data-e-type=\"widget\" data-widget_type=\"heading.default\">\n\t\t\t\t<div class=\"elementor-widget-container\">\n\t\t\t\t\t<h5 class=\"elementor-heading-title elementor-size-default\"><a href=\"https:\/\/www.superproduccions.com\/coordinadoradentitatspelteatrearnau\/?page_id=1223\">+ INFORMACI\u00d3<\/a><\/h5>\t\t\t\t<\/div>\n\t\t\t\t<\/div>\n\t\t\t\t<\/div>\n\t\t<div class=\"elementor-element elementor-element-f11bf8b e-con-full e-flex e-con e-child\" data-id=\"f11bf8b\" data-element_type=\"container\" data-e-type=\"container\">\n\t\t\t\t<div class=\"elementor-element elementor-element-bc2dbe9 elementor-widget elementor-widget-text-editor\" data-id=\"bc2dbe9\" data-element_type=\"widget\" data-e-type=\"widget\" data-widget_type=\"text-editor.default\">\n\t\t\t\t<div class=\"elementor-widget-container\">\n\t\t\t\t\t\t\t\t\t<p class=\"p1\"><span class=\"s1\"><b>Desenvolupem projectes de cultura comunit\u00e0ria<\/b> a trav\u00e9s de <b>les arts vives<\/b> i <b>formats h\u00edbrids<\/b> en <b>centres educatius<\/b>, tant de secund\u00e0ria com de prim\u00e0ria.<\/span><\/p><p class=\"p1\"><span class=\"s1\">Aquests projectes utilitzen <b>les arts vives com a eina de cohesi\u00f3 social<\/b>, <b>expressi\u00f3<\/b> i <b>adquisici\u00f3 de compet\u00e8ncies ling\u00fc\u00edstiques, culturals i de coneixement<\/b>. Treballem a partir de <b>les realitats, imaginaris i temes significatius<\/b> dels grups i centres amb qu\u00e8 col\u00b7laborem, amb un <b>\u00e8mfasi especial en la implicaci\u00f3 amb l&#8217;entorn i el territori, i la promoci\u00f3 dels drets culturals i social dels diversos grups d\u2019infants o joves<\/b>.<\/span><\/p><p class=\"p1\"><span class=\"s1\">Creiem que <b>els centres educatius s\u00f3n agents culturals i socials clau<\/b>, i que poden esdevenir <b>espais de treball transformador<\/b> a trav\u00e9s de <b>resid\u00e8ncies art\u00edstiques<\/b>, <b>projectes col\u00b7laboratius en arts esc\u00e8niques<\/b> i <b>formaci\u00f3 o assessorament al professorat<\/b>.<\/span><\/p><p class=\"p2\"><span class=\"s1\">Hem desenvolupat projectes a centres com <b>l\u2019Institut Consell de Cent<\/b> o <b>l\u2019Escola Collaso i Gil<\/b>, a trav\u00e9s de la metodologia de <b>Teatre Pa\u2019 tothom<\/b> i amb el suport del programa <b>Caixa d\u2019Eines del Pla de Barris<\/b>.<\/span><\/p>\t\t\t\t\t\t\t\t<\/div>\n\t\t\t\t<\/div>\n\t\t\t\t<\/div>\n\t\t\t\t\t<\/div>\n\t\t\t\t<\/div>\n\t\t<div class=\"elementor-element elementor-element-5447c14 e-flex e-con-boxed e-con e-parent\" data-id=\"5447c14\" data-element_type=\"container\" data-e-type=\"container\">\n\t\t\t\t\t<div class=\"e-con-inner\">\n\t\t\t\t<div class=\"elementor-element elementor-element-513b3f3 elementor-widget elementor-widget-heading\" data-id=\"513b3f3\" data-element_type=\"widget\" data-e-type=\"widget\" data-widget_type=\"heading.default\">\n\t\t\t\t<div class=\"elementor-widget-container\">\n\t\t\t\t\t<h3 class=\"elementor-heading-title elementor-size-default\">Gesti\u00f3 comunit\u00e0ria \u2013 Interseccionalitat \u2013 Interculturalitat<\/h3>\t\t\t\t<\/div>\n\t\t\t\t<\/div>\n\t\t\t\t\t<\/div>\n\t\t\t\t<\/div>\n\t\t<div class=\"elementor-element elementor-element-b8d7f23 e-flex e-con-boxed e-con e-parent\" data-id=\"b8d7f23\" data-element_type=\"container\" data-e-type=\"container\">\n\t\t\t\t\t<div class=\"e-con-inner\">\n\t\t<div class=\"elementor-element elementor-element-dc89428 e-con-full e-flex e-con e-child\" data-id=\"dc89428\" data-element_type=\"container\" data-e-type=\"container\">\n\t\t\t\t<div class=\"elementor-element elementor-element-8786d04 elementor-widget elementor-widget-image\" data-id=\"8786d04\" data-element_type=\"widget\" data-e-type=\"widget\" data-widget_type=\"image.default\">\n\t\t\t\t<div class=\"elementor-widget-container\">\n\t\t\t\t\t\t\t\t\t\t\t\t\t\t\t<img decoding=\"async\" width=\"620\" height=\"413\" src=\"https:\/\/coordinadoradentitatspelteatrearnau.com\/wp-content\/uploads\/2025\/10\/com-vau-neixer_FACC-Teatre-Arnau.jpg\" class=\"attachment-large size-large wp-image-1168\" alt=\"\" srcset=\"https:\/\/coordinadoradentitatspelteatrearnau.com\/wp-content\/uploads\/2025\/10\/com-vau-neixer_FACC-Teatre-Arnau.jpg 620w, https:\/\/coordinadoradentitatspelteatrearnau.com\/wp-content\/uploads\/2025\/10\/com-vau-neixer_FACC-Teatre-Arnau-300x200.jpg 300w\" sizes=\"(max-width: 620px) 100vw, 620px\" \/>\t\t\t\t\t\t\t\t\t\t\t\t\t\t\t<\/div>\n\t\t\t\t<\/div>\n\t\t\t\t<div class=\"elementor-element elementor-element-7182542 elementor-widget elementor-widget-heading\" data-id=\"7182542\" data-element_type=\"widget\" data-e-type=\"widget\" data-widget_type=\"heading.default\">\n\t\t\t\t<div class=\"elementor-widget-container\">\n\t\t\t\t\t<h5 class=\"elementor-heading-title elementor-size-default\"><a href=\"https:\/\/www.superproduccions.com\/coordinadoradentitatspelteatrearnau\/?page_id=1230\">+ INFORMACI\u00d3<\/a><\/h5>\t\t\t\t<\/div>\n\t\t\t\t<\/div>\n\t\t\t\t<\/div>\n\t\t<div class=\"elementor-element elementor-element-918987e e-con-full e-flex e-con e-child\" data-id=\"918987e\" data-element_type=\"container\" data-e-type=\"container\">\n\t\t\t\t<div class=\"elementor-element elementor-element-53e441e elementor-widget elementor-widget-text-editor\" data-id=\"53e441e\" data-element_type=\"widget\" data-e-type=\"widget\" data-widget_type=\"text-editor.default\">\n\t\t\t\t<div class=\"elementor-widget-container\">\n\t\t\t\t\t\t\t\t\t<p class=\"p1\"><span class=\"s1\">Dins del marc de treball de <b>gesti\u00f3 cultural i comunit\u00e0ria<\/b> que desenvolupem, des de fa 4 anys hem fet una <b>aposta decidida per incorporar la interculturalitat i la interseccionalitat<\/b> com a eixos centrals de la nostra pr\u00e0ctica. Entenem aquestes mirades com una <b>realitat cr\u00edtica i actual<\/b> que ens interpel\u00b7la directament a <b>Barcelona i en altres territoris<\/b>.<\/span><\/p><p class=\"p1\"><span class=\"s1\">En aquesta l\u00ednia, treballem amb <b>comunitats minimitzades<\/b>, <b>grups sistem\u00e0ticament vulnerabilitzats<\/b> i <b>persones amb diverses l\u00ednies d&#8217;opressi\u00f3<\/b>, amb una mirada <b>transversal, decolonial i antiracista<\/b> que ens permet <b>repensar el paper de la gesti\u00f3 cultural cr\u00edtica i de les arts esc\u00e8niques<\/b>. <\/span><\/p><p class=\"p1\"><span class=\"s1\">Aquest enfocament ens ha perm\u00e8s:<\/span><\/p><ul class=\"ul1\"><li class=\"li3\"><span class=\"s1\"><b>Augmentar l&#8217;equip i incorporar personal amb experi\u00e8ncies diverses<\/b>.<br \/><\/span><\/li><li class=\"li3\"><span class=\"s1\"><b>Ampliar les bases de col\u00b7laboraci\u00f3<\/b> amb persones i col\u00b7lectius migrants.<br \/><\/span><\/li><li class=\"li1\"><span class=\"s1\"><b>Impulsar una l\u00ednia de programaci\u00f3 en qu\u00e8 m\u00e9s del 30% de les professionals culturals implicades s\u00f3n persones racialitzades.<\/b><\/span><\/li><\/ul><ul class=\"ul1\"><li class=\"li1\"><span class=\"s1\"><b>Treballar de forma cr\u00edtica la participaci\u00f3 cultural i<\/b> els drets culturals des d&#8217;una <b>mirada feminista, antiracista i decolonial<\/b>, ja que aquests col\u00b7lectius sovint no tenen garantits els drets b\u00e0sics ni unes condicions de vida dignes en el seu dia a dia.<br \/><\/span><\/li><\/ul><p class=\"p1\"><span class=\"s1\">Aquesta l\u00ednia es desenvolupa a trav\u00e9s de <b>tallers, jornades, assessoraments<\/b> i <b>projectes espec\u00edfics<\/b>.<b> Tamb\u00e9 produeix <\/b> <b>processos de reacci\u00f3 comunit\u00e0ria, ciutadana, cr\u00edtica<\/b> i interculturals;<span class=\"Apple-converted-space\">\u00a0 <\/span>i <b>producci\u00f3 i programaci\u00f3 cultural<\/b> des de la mirada interseccional.<\/span><\/p>\t\t\t\t\t\t\t\t<\/div>\n\t\t\t\t<\/div>\n\t\t\t\t<\/div>\n\t\t\t\t\t<\/div>\n\t\t\t\t<\/div>\n\t\t<div class=\"elementor-element elementor-element-4c917a5 e-flex e-con-boxed e-con e-parent\" data-id=\"4c917a5\" data-element_type=\"container\" data-e-type=\"container\">\n\t\t\t\t\t<div class=\"e-con-inner\">\n\t\t\t\t<div class=\"elementor-element elementor-element-3b84221 elementor-widget elementor-widget-heading\" data-id=\"3b84221\" data-element_type=\"widget\" data-e-type=\"widget\" data-widget_type=\"heading.default\">\n\t\t\t\t<div class=\"elementor-widget-container\">\n\t\t\t\t\t<h3 class=\"elementor-heading-title elementor-size-default\">Teatre Arnau Itinerant<\/h3>\t\t\t\t<\/div>\n\t\t\t\t<\/div>\n\t\t\t\t\t<\/div>\n\t\t\t\t<\/div>\n\t\t<div class=\"elementor-element elementor-element-aa1ead8 e-flex e-con-boxed e-con e-parent\" data-id=\"aa1ead8\" data-element_type=\"container\" data-e-type=\"container\">\n\t\t\t\t\t<div class=\"e-con-inner\">\n\t\t<div class=\"elementor-element elementor-element-7df24fd e-con-full e-flex e-con e-child\" data-id=\"7df24fd\" data-element_type=\"container\" data-e-type=\"container\">\n\t\t\t\t<div class=\"elementor-element elementor-element-fb3f704 elementor-widget elementor-widget-image\" data-id=\"fb3f704\" data-element_type=\"widget\" data-e-type=\"widget\" data-widget_type=\"image.default\">\n\t\t\t\t<div class=\"elementor-widget-container\">\n\t\t\t\t\t\t\t\t\t\t\t\t\t\t\t<img decoding=\"async\" width=\"800\" height=\"532\" src=\"https:\/\/coordinadoradentitatspelteatrearnau.com\/wp-content\/uploads\/2025\/10\/Eixos-posar-al-principi_-memories_entrada-1200x0-c-default.jpg\" class=\"attachment-large size-large wp-image-1169\" alt=\"\" srcset=\"https:\/\/coordinadoradentitatspelteatrearnau.com\/wp-content\/uploads\/2025\/10\/Eixos-posar-al-principi_-memories_entrada-1200x0-c-default.jpg 900w, https:\/\/coordinadoradentitatspelteatrearnau.com\/wp-content\/uploads\/2025\/10\/Eixos-posar-al-principi_-memories_entrada-1200x0-c-default-300x200.jpg 300w, https:\/\/coordinadoradentitatspelteatrearnau.com\/wp-content\/uploads\/2025\/10\/Eixos-posar-al-principi_-memories_entrada-1200x0-c-default-768x511.jpg 768w\" sizes=\"(max-width: 800px) 100vw, 800px\" \/>\t\t\t\t\t\t\t\t\t\t\t\t\t\t\t<\/div>\n\t\t\t\t<\/div>\n\t\t\t\t<div class=\"elementor-element elementor-element-ab96341 elementor-widget elementor-widget-heading\" data-id=\"ab96341\" data-element_type=\"widget\" data-e-type=\"widget\" data-widget_type=\"heading.default\">\n\t\t\t\t<div class=\"elementor-widget-container\">\n\t\t\t\t\t<h5 class=\"elementor-heading-title elementor-size-default\"><a href=\"https:\/\/www.barcelona.cat\/teatrearnau\/\">+ WEB DEL TEATRE ARNAU ITINERANT<\/a><\/h5>\t\t\t\t<\/div>\n\t\t\t\t<\/div>\n\t\t\t\t<\/div>\n\t\t<div class=\"elementor-element elementor-element-49ed613 e-con-full e-flex e-con e-child\" data-id=\"49ed613\" data-element_type=\"container\" data-e-type=\"container\">\n\t\t\t\t<div class=\"elementor-element elementor-element-d0a76d5 elementor-widget elementor-widget-text-editor\" data-id=\"d0a76d5\" data-element_type=\"widget\" data-e-type=\"widget\" data-widget_type=\"text-editor.default\">\n\t\t\t\t<div class=\"elementor-widget-container\">\n\t\t\t\t\t\t\t\t\t<p class=\"p1\"><span class=\"s1\">L\u2019<b>Arnau Itinerant<\/b> \u00e9s un <b>programa cultural obert a tothom<\/b>, nascut com a resposta ciutadana per <b>repensar el futur del Teatre Arnau<\/b>, actualment en <b>proc\u00e9s de rehabilitaci\u00f3<\/b>. T\u00e9 lloc als <b>barris del Raval, Sant Antoni i Poble-sec<\/b>, i preveu la <b>reobertura del teatre l\u2019any 2027<\/b>.<\/span><\/p><p class=\"p1\"><span class=\"s1\">Aquest projecte neix d\u2019un <b>ampli proc\u00e9s participatiu<\/b> entre 2016 i 2017, amb la implicaci\u00f3 de <b>m\u00e9s de 60 entitats i col\u00b7lectius ve\u00efnals, culturals i socials<\/b>. Mentre duren les obres, l\u2019Arnau Itinerant actua com a <b>teatre sense seu fixa<\/b>, desenvolupant <b>activitats i accions culturals als espais p\u00fablics i equipaments dels barris<\/b>.<\/span><\/p><p class=\"p1\"><span class=\"s1\">L\u2019Arnau \u00e9s <b>un projecte cultural de gesti\u00f3 comunit\u00e0ria,<\/b> \u00e9s a dir, que \u00e9s el ve\u00efnat i entitats diverses dels tres barris (Raval, Sant Antoni i Poble-sec) i de la comunitat de les arts esc\u00e8niques qui creen i produeixen els projectes col\u00b7lectivament a partir de l\u2019Assemblea Arnau i dels seus diversos espais de participaci\u00f3.<\/span><\/p><p class=\"p1\"><span class=\"s1\">Amb <b>m\u00e9s de set temporades<\/b> a les espatlles, ha realitzat <b>desenes d\u2019activitats cada any<\/b>, amb la participaci\u00f3 de <b>m\u00e9s de 45 col\u00b7lectius<\/b> i <b>10 espais diferents de treball comunitari<\/b>. L\u2019Arnau Itinerant promou la <b>cultura arrelada al territori<\/b>, constru\u00efda <b>col\u00b7lectivament<\/b> i des d\u2019una mirada <b>cr\u00edtica i inclusiva<\/b>.<\/span><\/p>\t\t\t\t\t\t\t\t<\/div>\n\t\t\t\t<\/div>\n\t\t\t\t<div class=\"elementor-element elementor-element-e2467bd elementor-widget elementor-widget-spacer\" data-id=\"e2467bd\" data-element_type=\"widget\" data-e-type=\"widget\" data-widget_type=\"spacer.default\">\n\t\t\t\t<div class=\"elementor-widget-container\">\n\t\t\t\t\t\t\t<div class=\"elementor-spacer\">\n\t\t\t<div class=\"elementor-spacer-inner\"><\/div>\n\t\t<\/div>\n\t\t\t\t\t\t<\/div>\n\t\t\t\t<\/div>\n\t\t\t\t<\/div>\n\t\t\t\t\t<\/div>\n\t\t\t\t<\/div>\n\t\t<div class=\"elementor-element elementor-element-d01e557 e-flex e-con-boxed e-con e-parent\" data-id=\"d01e557\" data-element_type=\"container\" data-e-type=\"container\" data-settings=\"{&quot;background_background&quot;:&quot;classic&quot;}\">\n\t\t\t\t\t<div class=\"e-con-inner\">\n\t\t\t\t<div class=\"elementor-element elementor-element-84cfcbd elementor-widget elementor-widget-heading\" data-id=\"84cfcbd\" data-element_type=\"widget\" data-e-type=\"widget\" data-widget_type=\"heading.default\">\n\t\t\t\t<div class=\"elementor-widget-container\">\n\t\t\t\t\t<h3 class=\"elementor-heading-title elementor-size-default\">Col.laborem i fem xarxa<\/h3>\t\t\t\t<\/div>\n\t\t\t\t<\/div>\n\t\t\t\t\t<\/div>\n\t\t\t\t<\/div>\n\t\t<div class=\"elementor-element elementor-element-f642ffd e-flex e-con-boxed e-con e-parent\" data-id=\"f642ffd\" data-element_type=\"container\" data-e-type=\"container\" data-settings=\"{&quot;background_background&quot;:&quot;classic&quot;}\">\n\t\t\t\t\t<div class=\"e-con-inner\">\n\t\t\t\t<div class=\"elementor-element elementor-element-7b8f258 elementor-widget elementor-widget-spacer\" data-id=\"7b8f258\" data-element_type=\"widget\" data-e-type=\"widget\" data-widget_type=\"spacer.default\">\n\t\t\t\t<div class=\"elementor-widget-container\">\n\t\t\t\t\t\t\t<div class=\"elementor-spacer\">\n\t\t\t<div class=\"elementor-spacer-inner\"><\/div>\n\t\t<\/div>\n\t\t\t\t\t\t<\/div>\n\t\t\t\t<\/div>\n\t\t\t\t<div class=\"elementor-element elementor-element-4cb91d9 elementor-widget elementor-widget-image\" data-id=\"4cb91d9\" data-element_type=\"widget\" data-e-type=\"widget\" data-widget_type=\"image.default\">\n\t\t\t\t<div class=\"elementor-widget-container\">\n\t\t\t\t\t\t\t\t\t\t\t\t\t\t\t<img loading=\"lazy\" decoding=\"async\" width=\"1768\" height=\"136\" src=\"https:\/\/coordinadoradentitatspelteatrearnau.com\/wp-content\/uploads\/2025\/08\/Logos.jpg\" class=\"attachment-full size-full wp-image-1104\" alt=\"\" srcset=\"https:\/\/coordinadoradentitatspelteatrearnau.com\/wp-content\/uploads\/2025\/08\/Logos.jpg 1768w, https:\/\/coordinadoradentitatspelteatrearnau.com\/wp-content\/uploads\/2025\/08\/Logos-300x23.jpg 300w, https:\/\/coordinadoradentitatspelteatrearnau.com\/wp-content\/uploads\/2025\/08\/Logos-1024x79.jpg 1024w, https:\/\/coordinadoradentitatspelteatrearnau.com\/wp-content\/uploads\/2025\/08\/Logos-768x59.jpg 768w, https:\/\/coordinadoradentitatspelteatrearnau.com\/wp-content\/uploads\/2025\/08\/Logos-1536x118.jpg 1536w\" sizes=\"(max-width: 1768px) 100vw, 1768px\" \/>\t\t\t\t\t\t\t\t\t\t\t\t\t\t\t<\/div>\n\t\t\t\t<\/div>\n\t\t\t\t<div class=\"elementor-element elementor-element-ed143dc elementor-widget elementor-widget-spacer\" data-id=\"ed143dc\" data-element_type=\"widget\" data-e-type=\"widget\" data-widget_type=\"spacer.default\">\n\t\t\t\t<div class=\"elementor-widget-container\">\n\t\t\t\t\t\t\t<div class=\"elementor-spacer\">\n\t\t\t<div class=\"elementor-spacer-inner\"><\/div>\n\t\t<\/div>\n\t\t\t\t\t\t<\/div>\n\t\t\t\t<\/div>\n\t\t\t\t\t<\/div>\n\t\t\t\t<\/div>\n\t\t<div class=\"elementor-element elementor-element-f4954e8 e-flex e-con-boxed e-con e-parent\" data-id=\"f4954e8\" data-element_type=\"container\" data-e-type=\"container\">\n\t\t\t\t\t<div class=\"e-con-inner\">\n\t\t\t\t<div class=\"elementor-element elementor-element-7db6e6c elementor-widget elementor-widget-heading\" data-id=\"7db6e6c\" data-element_type=\"widget\" data-e-type=\"widget\" data-widget_type=\"heading.default\">\n\t\t\t\t<div class=\"elementor-widget-container\">\n\t\t\t\t\t<h3 class=\"elementor-heading-title elementor-size-default\">UNEIX-TE\n<\/h3>\t\t\t\t<\/div>\n\t\t\t\t<\/div>\n\t\t\t\t<div class=\"elementor-element elementor-element-7de3672 elementor-widget elementor-widget-text-editor\" data-id=\"7de3672\" data-element_type=\"widget\" data-e-type=\"widget\" data-widget_type=\"text-editor.default\">\n\t\t\t\t<div class=\"elementor-widget-container\">\n\t\t\t\t\t\t\t\t\t<p>Si vols ser part, contacta amb nosaltres, vine a les assemblees o espais de treball, i participa en les nostres activitats.<\/p>\t\t\t\t\t\t\t\t<\/div>\n\t\t\t\t<\/div>\n\t\t\t\t\t<\/div>\n\t\t\t\t<\/div>\n\t\t<div class=\"elementor-element elementor-element-5708706 e-flex e-con-boxed e-con e-parent\" data-id=\"5708706\" data-element_type=\"container\" data-e-type=\"container\" data-settings=\"{&quot;background_background&quot;:&quot;classic&quot;}\">\n\t\t\t\t\t<div class=\"e-con-inner\">\n\t\t<div class=\"elementor-element elementor-element-2b2e22a e-con-full e-flex e-con e-child\" data-id=\"2b2e22a\" data-element_type=\"container\" data-e-type=\"container\">\n\t\t\t\t<div class=\"elementor-element elementor-element-70134b7 elementor-widget elementor-widget-text-editor\" data-id=\"70134b7\" data-element_type=\"widget\" data-e-type=\"widget\" data-widget_type=\"text-editor.default\">\n\t\t\t\t<div class=\"elementor-widget-container\">\n\t\t\t\t\t\t\t\t\t<p>contacte: <a href=\"mailto:arnauitinerant@gmail.com\">arnauitinerant@gmail.com<\/a><\/p>\t\t\t\t\t\t\t\t<\/div>\n\t\t\t\t<\/div>\n\t\t\t\t<\/div>\n\t\t<div class=\"elementor-element elementor-element-faedd10 e-con-full e-flex e-con e-child\" data-id=\"faedd10\" data-element_type=\"container\" data-e-type=\"container\">\n\t\t\t\t<div class=\"elementor-element elementor-element-9622ee3 elementor-shape-circle e-grid-align-left elementor-grid-0 elementor-widget elementor-widget-social-icons\" data-id=\"9622ee3\" data-element_type=\"widget\" data-e-type=\"widget\" data-widget_type=\"social-icons.default\">\n\t\t\t\t<div class=\"elementor-widget-container\">\n\t\t\t\t\t\t\t<div class=\"elementor-social-icons-wrapper elementor-grid\" role=\"list\">\n\t\t\t\t\t\t\t<span class=\"elementor-grid-item\" role=\"listitem\">\n\t\t\t\t\t<a class=\"elementor-icon elementor-social-icon elementor-social-icon-envelope elementor-repeater-item-cf0c9ac\" href=\"mailto:arnauitinerant@gmail.com\" target=\"_blank\">\n\t\t\t\t\t\t<span class=\"elementor-screen-only\">Envelope<\/span>\n\t\t\t\t\t\t<i aria-hidden=\"true\" class=\"fas fa-envelope\"><\/i>\t\t\t\t\t<\/a>\n\t\t\t\t<\/span>\n\t\t\t\t\t\t\t<span class=\"elementor-grid-item\" role=\"listitem\">\n\t\t\t\t\t<a class=\"elementor-icon elementor-social-icon elementor-social-icon-instagram elementor-repeater-item-de2a534\" href=\"https:\/\/www.instagram.com\/teatrearnauitinerant_coordi\/\" target=\"_blank\">\n\t\t\t\t\t\t<span class=\"elementor-screen-only\">Instagram<\/span>\n\t\t\t\t\t\t<i aria-hidden=\"true\" class=\"fab fa-instagram\"><\/i>\t\t\t\t\t<\/a>\n\t\t\t\t<\/span>\n\t\t\t\t\t\t\t<span class=\"elementor-grid-item\" role=\"listitem\">\n\t\t\t\t\t<a class=\"elementor-icon elementor-social-icon elementor-social-icon-facebook elementor-repeater-item-eaede2b\" href=\"https:\/\/www.facebook.com\/ArnauItinerant\" target=\"_blank\">\n\t\t\t\t\t\t<span class=\"elementor-screen-only\">Facebook<\/span>\n\t\t\t\t\t\t<i aria-hidden=\"true\" class=\"fab fa-facebook\"><\/i>\t\t\t\t\t<\/a>\n\t\t\t\t<\/span>\n\t\t\t\t\t\t\t<span class=\"elementor-grid-item\" role=\"listitem\">\n\t\t\t\t\t<a class=\"elementor-icon elementor-social-icon elementor-social-icon-youtube elementor-repeater-item-f656b38\" href=\"https:\/\/www.youtube.com\/@arnauitinerant4290\" target=\"_blank\">\n\t\t\t\t\t\t<span class=\"elementor-screen-only\">Youtube<\/span>\n\t\t\t\t\t\t<i aria-hidden=\"true\" class=\"fab fa-youtube\"><\/i>\t\t\t\t\t<\/a>\n\t\t\t\t<\/span>\n\t\t\t\t\t\t\t<span class=\"elementor-grid-item\" role=\"listitem\">\n\t\t\t\t\t<a class=\"elementor-icon elementor-social-icon elementor-social-icon-mastodon elementor-repeater-item-38ea242\" href=\"https:\/\/social.barcelona\/@ArnauItinerant\" target=\"_blank\">\n\t\t\t\t\t\t<span class=\"elementor-screen-only\">Mastodon<\/span>\n\t\t\t\t\t\t<i aria-hidden=\"true\" class=\"fab fa-mastodon\"><\/i>\t\t\t\t\t<\/a>\n\t\t\t\t<\/span>\n\t\t\t\t\t<\/div>\n\t\t\t\t\t\t<\/div>\n\t\t\t\t<\/div>\n\t\t\t\t<\/div>\n\t\t\t\t\t<\/div>\n\t\t\t\t<\/div>\n\t\t\t\t<\/div>\n\t\t","protected":false},"excerpt":{"rendered":"<p>Cultura i gesti\u00f3 comunit\u00e0ria PROGRAMES Cultura comunit\u00e0ria &#8211; Educaci\u00f3 i territoris + INFORMACI\u00d3 Desenvolupem projectes de cultura comunit\u00e0ria a trav\u00e9s de les arts vives i formats h\u00edbrids en centres educatius, tant de secund\u00e0ria com de prim\u00e0ria. Aquests projectes utilitzen les arts vives com a eina de cohesi\u00f3 social, expressi\u00f3 i adquisici\u00f3 de compet\u00e8ncies ling\u00fc\u00edstiques, culturals [&hellip;]<\/p>\n","protected":false},"author":1,"featured_media":0,"parent":9,"menu_order":0,"comment_status":"closed","ping_status":"closed","template":"elementor_header_footer","meta":{"footnotes":""},"class_list":["post-1134","page","type-page","status-publish","hentry"],"_links":{"self":[{"href":"https:\/\/coordinadoradentitatspelteatrearnau.com\/index.php?rest_route=\/wp\/v2\/pages\/1134","targetHints":{"allow":["GET"]}}],"collection":[{"href":"https:\/\/coordinadoradentitatspelteatrearnau.com\/index.php?rest_route=\/wp\/v2\/pages"}],"about":[{"href":"https:\/\/coordinadoradentitatspelteatrearnau.com\/index.php?rest_route=\/wp\/v2\/types\/page"}],"author":[{"embeddable":true,"href":"https:\/\/coordinadoradentitatspelteatrearnau.com\/index.php?rest_route=\/wp\/v2\/users\/1"}],"replies":[{"embeddable":true,"href":"https:\/\/coordinadoradentitatspelteatrearnau.com\/index.php?rest_route=%2Fwp%2Fv2%2Fcomments&post=1134"}],"version-history":[{"count":18,"href":"https:\/\/coordinadoradentitatspelteatrearnau.com\/index.php?rest_route=\/wp\/v2\/pages\/1134\/revisions"}],"predecessor-version":[{"id":1240,"href":"https:\/\/coordinadoradentitatspelteatrearnau.com\/index.php?rest_route=\/wp\/v2\/pages\/1134\/revisions\/1240"}],"up":[{"embeddable":true,"href":"https:\/\/coordinadoradentitatspelteatrearnau.com\/index.php?rest_route=\/wp\/v2\/pages\/9"}],"wp:attachment":[{"href":"https:\/\/coordinadoradentitatspelteatrearnau.com\/index.php?rest_route=%2Fwp%2Fv2%2Fmedia&parent=1134"}],"curies":[{"name":"wp","href":"https:\/\/api.w.org\/{rel}","templated":true}]}}